prime factors of n(-3).
2, 7
Let l(b) = -8*b**2 + b. Let s be l(-1). Let i = s + 12. What are the prime factors of i?
3
Let g(h) = -1. Let k(v) = 3*v. Let p(n) = 2*g(n) + k(n). List the prime factors of p(11).
31
Let r(j) = j**3 - 9*j**2 - 7. List the prime factors of r(10).
3, 31
Let t = -38 - -78. List the prime factors of t.
2, 5
Let l(f) = -4*f + 2 + 2*f + 6*f**2 - 3 - 1. List the prime factors of l(-1).
2, 3
Let r be 2/(-6) + 17/(-3). Let h(q) = 2*q + 2. Let o be h(r). List the prime factors of o/25 + 174/10.
17
Let y(f) = -30*f + 4. What are the prime factors of y(-6)?
2, 23
Let m(w) = -w**2 - w + 1. Let h(o) = -5*o**2 - 5*o. Let v(n) = -h(n) + 6*m(n). Let c be v(0). Let s(a) = -a**3 + 6*a**2 + 3. List the prime factors of s(c).
3
Suppose t - 5*t = 0. Suppose t = -2*a - 4, -4*d + 39 - 17 = 5*a. What are the prime factors of d?
2
Let u = 3 + -4. Let b(c) = -7*c**3 - 3*c + 2*c - 5 + 4 - c**2. What are the prime factors of b(u)?
2, 3
Suppose 0 = -5*n + 177 + 113. List the prime factors of n.
2, 29
Suppose -34 = -p - 4*h - 0*h, -2*h + 68 = 2*p. List the prime factors of p.
2, 17
Let f = -14 - -18. Suppose f*y - 13 = 3. List the prime factors of y.
2
Suppose 5*a + 15 = -m + 2*m, -4*m = -2*a - 6. Suppose 0*u - 2*u + n + 3 = m, 5*n = -4*u - 1. List the prime factors of u + 0 + 1 + 5.
7
Suppose 4*k - 314 + 71 = -3*j, j + 59 = k. What are the prime factors of k?
2, 3, 5
Suppose -2*u - 25 = -7. Let p = u + 18. List the prime factors of p.
3
Let s be 8/(8/(-4)) + 8. Suppose s*u + 0*f - 4*f = 68, -u + 4*f = -32. What are the prime factors of u?
2, 3
Let y(m) = m**3 - 16*m**2 + 16*m - 11. List the prime factors of y(15).
2
Suppose y = -3*y - 64. Let g be (2/(-4))/(2/y). Suppose -g*n + 18 = -n. List the prime factors of n.
2, 3
Let b = 11 + -11. Suppose b = r + 4*r - 35. What are the prime factors of r?
7
Let p be 6/(-2) - (-6 + -1). Suppose 4*g - p*w = 8, -w - 8 = -5*g + 2*g. List the prime factors of g.
3
Let m(j) = 2*j**2 - 12*j + 37. List the prime factors of m(14).
3, 29
Let c(t) = -t**2 - 4*t - 3. Let q be c(-2). Suppose -h - q = -4. Suppose h*r - 31 = -7. List the prime factors of r.
2
Let a(r) be the second derivative of -r**5/20 + r**4/2 + r**3/3 - 2*r**2 + 3*r. List the prime factors of a(6).
2
Let h(m) be the first derivative of m**2 + 4*m + 1. What are the prime factors of h(5)?
2, 7
Let u = 128 + -77. What are the prime factors of u?
3, 17
Let m(c) = c**2 - c - 1. Let t(y) = -y**3 + 2*y**2 - 2*y + 4. Let o(u) = -m(u) + t(u). Let g be o(0). What are the prime factors of g/(-10) + (-14)/(-4)?
3
Let f = 40 + -12. List the prime factors of f.
2, 7
Let a(f) = 3*f - 5. Let w be a(-6). Let n be w*(1 - 3 - -4). Let i = 64 + n. What are the prime factors of i?
2, 3
Suppose 0 = -3*l - 3 + 12. Suppose 2*x + 2*b = -2, l*b + 2*b = 5*x + 5. List the prime factors of (-14)/(-4)*(3 + x).
7
Suppose 0 = -4*i - r + 36, i + 3*r = 5*i - 52. Suppose -a + 0*g - i = -2*g, -36 = 4*a - 4*g. Let j = -4 - a. List the prime factors of j.
2
Suppose 4*a = c + 390, 3*a + 4*c - 418 = -135. What are the prime factors of a?
97
Suppose 6*f - 958 = f + 4*t, 0 = -5*f + 5*t + 960. Suppose -81 = -2*m - 3*q, 5*m = -4*q - q + f. What are the prime factors of m?
3, 11
Let b be 22/8 + 3/12. Let z be 31*(b - 2) + -2. Suppose 3*s - 2*i - z = -2*s, -5*i + 50 = 5*s. What are the prime factors of s?
7
Suppose -5*n - l - 35 = 3*l, -35 = 5*n + 5*l. Let f = -3 - n. Suppose 3*h = 8*x - 3*x - 19, -h + 5 = f*x. List the prime factors of x.
2
Let d be 18/1 + (-6 - -6). Suppose -9 = -3*a + d. List the prime factors of a.
3
Suppose 0 = 2*d + 2*d - 16. Let m(s) = s + 4. Let j be m(5). Let i = j + d. What are the prime factors of i?
13
Let d = 81 + -59. What are the prime factors of d?
2, 11
Suppose 3*i - 147 = -q, 4*i + 4 - 298 = -2*q. List the prime factors of q.
3, 7
Let x(n) = 4*n**2 + 3*n + 1. What are the prime factors of x(-5)?
2, 43
Let j(i) be the third derivative of i**5/30 + 5*i**4/24 - 2*i**3/3 - 3*i**2. What are the prime factors of j(-5)?
3, 7
Let b be (1/(-2))/(1/4). Let w be (b - 0) + (1 - -1). Let v(s) = s + 3. What are the prime factors of v(w)?
3
Let i = -18 + 13. Let x(p) = 2*p**2 + 6*p - 3. What are the prime factors of x(i)?
17
Let r be (0 + -10)/(7 - 8). Suppose 5*q + 50 = -r. List the prime factors of (q + 0)*(-1)/3.
2
Let x(m) = -10*m. Let p be -1 + (0 - -2 - 0). Let u be x(p). List the prime factors of 1*1/(-2)*u.
5
Suppose 0 = t + 1 - 20. List the prime factors of (16/(-3))/(t/(-57)).
2
Let x(f) = 4*f - 4. What are the prime factors of x(2)?
2
Suppose -x + 8 = -p, -2*p - 26 = -3*x + 2*p. Let f(u) = u - 2. Let b be f(x). What are the prime factors of (-5)/b*(3 - 7)?
5
Let m be 2 + 27 + (-1 - -2). Suppose 2*h = -0*h + m. What are the prime factors of h?
3, 5
Let s(t) = 3*t**2 + t + 1. Let v be s(-1). Suppose -51 = -0*r - v*r. List the prime factors of r.
17
Suppose -5 = -g - 1. Let o = g - -11. List the prime factors of o.
3, 5
Suppose -2*g + 89 = 17. Suppose g = 3*d + d + 4*i, -2*d - 5*i + 27 = 0. List the prime factors of d.
2, 3
Let w be 12/7 + (-12)/(-42). Let v(d) = d**3 + 3*d - 3. What are the prime factors of v(w)?
11
Let m be (-1)/(-2)*(-28)/(-7). Let i be ((-40)/(-8))/(m/(-8)). Let v = -10 - i. List the prime factors of v.
2, 5
Suppose -294 + 23 = -n. What are the prime factors of n?
271
Let b = 46 - 67. Let i = 38 + b. List the prime factors of i.
17
Suppose 57*w = 50*w + 2121. What are the prime factors of w?
3, 101
Let s = -21 + 46. Let z = 98 - s. Suppose -3*b = 7 - z. What are the prime factors of b?
2, 11
Let x(p) = 3*p**3 - 5*p**2 + 2*p + 1. What are the prime factors of x(3)?
43
Let z = 79 - 59. What are the prime factors of z?
2, 5
Let u(x) = 3*x**2 + 5*x - 5. List the prime factors of u(2).
17
Let m = 30 + -25. List the prime factors of m.
5
Let k(p) = -17*p - 21. List the prime factors of k(-5).
2
Let q(h) = 2*h - 1 + 0*h + h**2 - 3. Suppose o + y = -7, -2*o - 5*y = 5 + 18. What are the prime factors of q(o)?
2
Suppose -396 = -5*o + q, 4*q - 393 = -5*o + 2*q. Suppose 4*v - 5*r = 167, r - o = -2*v + 2*r. List the prime factors of v.
2, 19
Suppose -5*n + 78 + 285 = 3*j, -146 = -2*n - 2*j. Suppose -3*g + n = -4*f, g - 13 = 2*f + 9. What are the prime factors of g?
2, 7
Suppose -70*o + 75*o - 400 = 0. What are the prime factors of o?
2, 5
Let t(j) = j**3 - 7*j**2 - 4*j + 4. List the prime factors of t(8).
2, 3
What are the prime factors of (4*8/(-64))/((-2)/52)?
13
Let f be 3/(0 - 3) + -1. Let g(t) = -8*t. List the prime factors of g(f).
2
Suppose -51 - 30 = -3*j. What are the prime factors of j?
3
Suppose i + 3 - 5 = 0. List the prime factors of i.
2
Let m(v) = 8*v**2 + 43*v - 4. What are the prime factors of m(-7)?
3, 29
Suppose 2*i = -2 + 32. Suppose 6*z = 9*z - i. List the prime factors of z.
5
Let t(p) = p**3 + 3*p**2 + 3*p + 2. Let v be t(-2). What are the prime factors of 2 + v + 36 - 0?
2, 19
Suppose 0*k = 2*k - 36. Suppose 2*d - 40 - k = 0. Suppose -d = -4*h + 7. List the prime factors of h.
3
Suppose 4*z + q - 22 = -62, 3*q - 50 = 5*z. Suppose -3*s + 2*a + 16 = -0*a, s = -2*a - 8. Let d = s - z. What are the prime factors of d?
2, 3
Suppose -l + 16 = -3*l. Let n(r) = -r**2 - 9*r - 2. Let s be n(l). Suppose o + 3 = s. What are the prime factors of o?
3
Let t(y) = -y**3 + 5*y**2 - y - 2. Let s be t(5). Let g = s + 2. What are the prime factors of g/2*(-1 + -3)?
2, 5
Suppose -2*w - 3*w + 5*p = 30, 0 = 5*w + 4*p + 3. Let c(a) = -3 - a - 115*a**2 + 116*a**2 + 7. What are the prime factors of c(w)?
2
Let g = -31 + 37. What are the prime factors of g?
2, 3
List the prime factors of (5/15)/(2/282).
47
Suppose 3*r - 13*r + 530 = 0. List the prime factors of r.
53
Suppose 736 = 2*h + 21*h. What are the prime factors of h?
2
Let h(b) = b**2 - 2*b + 1. Let o be h(3). Let w(c) = c**3 - 2*c**2 - 5*c - 1. What are the prime factors of w(o)?
11
Let y(n) = n**3 - 13*n**2 + 15*n - 10. Let k be -2 + (-1 + -13)/(-1). List the prime factors of y(k).
2, 13
What are the prime factors of (-4)/10 + (-342)/(-5)?
2, 17
Suppose 182 = 3*d + 65. List the prime factors of d.
3, 13
Let c = -13 + 15. Suppose -v = -4 + c. List the prime factors of v.
2
Suppose 55 = 2*g + 3*g. What are the prime factors of g?
11
Suppose -x + 2*x - 21 = 0. Let t = x + -15. List the prime factor